, 1098593
What are the prime factors of 97553637?
3, 41, 463, 571
List the prime factors of 50775011.
7, 19, 71, 283
List the prime factors of 809014990.
2, 5, 7, 37, 44623
List the prime factors of 1764115116.
2, 3, 19, 1093, 7079
List the prime factors of 1100703266.
2, 13, 277, 152833
List the prime factors of 239397818.
2, 11, 3209, 3391
List the prime factors of 51332871.
3, 29, 590033
What are the prime factors of 285848822?
2, 7, 53, 601, 641
List the prime factors of 436679405.
5, 43, 2031067
List the prime factors of 462153602.
2, 17, 229, 59357
What are the prime factors of 9606426?
2, 3, 1601071
List the prime factors of 583433048.
2, 11, 6629921
What are the prime factors of 512261198?
2, 23, 439, 25367
List the prime factors of 389499519.
3, 347, 374159
What are the prime factors of 51546850?
2, 5, 347, 2971
What are the prime factors of 1639358404?
2, 12377, 33113
List the prime factors of 299754124.
2, 23, 79, 41243
List the prime factors of 248901329.
43, 5788403
What are the prime factors of 333453855?
3, 5, 7, 3175751
List the prime factors of 1179327299.
307, 3841457
List the prime factors of 825537517.
7, 19, 1579, 3931
List the prime factors of 202827445.
5, 4967, 8167
What are the prime factors of 33961329?
3, 1257827
What are the prime factors of 2283654710?
2, 5, 17, 701, 19163
List the prime factors of 12487875.
3, 5, 33301
List the prime factors of 821798844.
2, 3, 68483237
List the prime factors of 52092370.
2, 5, 11, 443, 1069
What are the prime factors of 101563905?
3, 5, 31, 218417
List the prime factors of 103827731.
7, 14832533
What are the prime factors of 75177427?
13, 71, 79, 1031
What are the prime factors of 421361037?
3, 73, 83, 7727
List the prime factors of 856220090.
2, 5, 11, 7783819
List the prime factors of 2172418770.
2, 3, 5, 19, 23, 165707
List the prime factors of 1173692010.
2, 3, 5, 383, 102149
List the prime factors of 182944855.
5, 107, 341953
What are the prime factors of 137826169?
13, 67, 229, 691
List the prime factors of 74275359.
3, 1171, 21143
What are the prime factors of 114370623?
3, 156887
List the prime factors of 82629916.
2, 163, 126733
List the prime factors of 2806544638.
2, 31, 45266849
What are the prime factors of 109362060?
2, 3, 5, 467, 1301
What are the prime factors of 99992252?
2, 167, 149689
What are the prime factors of 78059625?
3, 5, 7, 131, 227
List the prime factors of 633175365.
3, 5, 53, 796447
What are the prime factors of 20146292?
2, 17, 296269
What are the prime factors of 366460139?
366460139
List the prime factors of 99972937.
17, 397, 14813
What are the prime factors of 1363203500?
2, 5, 2726407
List the prime factors of 2788848350.
2, 5, 31, 257, 7001
What are the prime factors of 362586317?
251, 1444567
What are the prime factors of 404303867?
11, 23, 1598039
What are the prime factors of 1269911512?
2, 19, 23, 233, 1559
List the prime factors of 236320282.
2, 11, 283, 37957
List the prime factors of 43382805.
3, 5, 73, 39619
List the prime factors of 34067423.
13, 67, 39113
List the prime factors of 156544032.
2, 3, 97, 16811
What are the prime factors of 6819156264?
2, 3, 661, 429851
List the prime factors of 66094748.
2, 16523687
What are the prime factors of 36753794?
2, 7, 11, 41, 5821
List the prime factors of 511948721.
511948721
List the prime factors of 1713209626.
2, 29, 3917, 7541
List the prime factors of 1071968586.
2, 3, 13, 29, 43, 103, 107
What are the prime factors of 54323680?
2, 5, 73, 4651
What are the prime factors of 31015578?
2, 3, 11, 571, 823
List the prime factors of 215841060.
2, 3, 5, 1199117
What are the prime factors of 98147254?
2, 49073627
List the prime factors of 23593451.
7, 59, 8161
What are the prime factors of 15281029?
3593, 4253
List the prime factors of 5127931256.
2, 7, 193, 541, 877
List the prime factors of 35302473.
3, 59, 83, 89
What are the prime factors of 164774231?
23, 1447, 4951
What are the prime factors of 5230126?
2, 11, 237733
What are the prime factors of 223331172?
2, 3, 18610931
What are the prime factors of 400038583?
7, 57148369
List the prime factors of 608742716.
2, 79, 139, 13859
List the prime factors of 25182027.
3, 13, 101, 2131
What are the prime factors of 1455282645?
3, 5, 97018843
List the prime factors of 24175441.
751, 32191
What are the prime factors of 93517149?
3, 11, 23, 487
What are the prime factors of 560775321?
3, 62308369
What are the prime factors of 1777426417?
13, 136725109
List the prime factors of 4868023534.
2, 11, 221273797
What are the prime factors of 198489583?
198489583
What are the prime factors of 62060218?
2, 11, 2820919
List the prime factors of 4205625041.
67, 137, 458179
List the prime factors of 110823908.
2, 13, 499, 4271
List the prime factors of 2011516522.
2, 43, 1579, 14813
List the prime factors of 13454634.
2, 3, 127, 17657
List the prime factors of 39493263.
3, 2917, 4513
List the prime factors of 522809407.
89, 5874263
What are the prime factors of 3973627631?
577, 599, 11497
What are the prime factors of 10830535?
5, 97, 137, 163
List the prime factors of 265336340.
2, 5, 17, 780401
List the prime factors of 1938542342.
2, 11, 88115561
List the prime factors of 289740358.
2, 41, 73, 97, 499
List the prime factors of 17525574.
2, 3, 11, 88513
List the prime factors of 94295569.
61, 107, 14447
What are the prime factors of 24512868?
2, 3, 25219
List the prime factors of 151401491.
503, 300997
What are the prime factors of 141367820?
2, 5, 11, 642581
List the prime factors of 160743605.
5, 11, 431, 6781
List the prime factors of 61820334.
2, 3, 381607
List the prime factors of 78125274.
2, 3, 1303, 3331
List the prime factors of 57982741.
31, 1870411
What are the prime factors of 5045401466?
2, 7, 31, 353, 32933
What are the prime factors of 116377138?
2, 17, 823, 4159
What are the prime factors of 57371160?
2, 3, 5, 7, 11, 887
List the prime factors of 109779832.
2, 13722479
What are the prime factors of 284649887?
17, 19, 881269
What are the prime factors of 69099190?
2, 5, 6909919
What are the prime factors of 111923678?
2, 331, 169069
List the prime factors of 625021670.
2, 5, 7, 13, 686837
List the prime factors of 715218336.
2, 3, 7, 39419
List the prime factors of 55384872.
2, 3, 2307703
What are the prime factors of 36732815?
5, 7, 1049509
What are the prime factors of 271971717?
3, 90657239
List the prime factors of 88785164.
2, 13, 10103
What are the prime factors of 4219607247?
3, 17, 73, 619, 1831
List the prime factors of 3371154155.
5, 29, 2113, 11003
List the prime factors of 5007149043.
3, 13, 17, 7552261
List the prime factors of 2563713892.
2, 640928473
List the prime factors of 262744654.
2, 19, 31, 67, 3329
What are the prime factors of 67294532?
2, 67, 251099
What are the prime factors of 2784592316?
2, 11, 17, 79, 47123
List the prime factors of 3379511478.
2, 3, 7, 659, 17443
List the prime factors of 2884149012.
2, 3, 240345751
What are the prime factors of 54920059?
149, 151, 2441
What are the prime factors of 9207890?
2, 5, 920789
What are the prime factors of 893270473?
1657, 539089
List the prime factors of 52156860.
2, 3, 5, 7, 124183
What are the prime factors of 86347360?
2, 5, 11, 71, 691
What are the prime factors of 58507492?
2, 23, 41, 15511
What are the prime factors of 47183596?
2, 11795899
List the prime factors of 530041207.
29, 18277283
List the prime factors of 136028922.
2, 3, 22671487
List the prime factors of 664937680.
2, 5, 11, 19, 39769
What are the prime factors of 164943691?
11, 1363171
What are the prime factors of 2836981433?
11, 13, 347, 57173
What are the prime factors of 38035407?
3, 12678469
List the prime factors of 4106913499.
13, 17, 3209, 5791
List the prime factors of 274827772.
2, 31, 73, 97, 313
List the prime factors of 1398427689.
3, 466142563
What are the prime factors of 54167702?
2, 43, 629857
List the prime factors of 56099146.
2, 28049573
List the prime factors of 996785365.
5, 37, 43, 125303
What are the prime factors of 1981298071?
31, 67, 953923
List the prime factors of 3940915508.
2, 1381, 713417
List the prime factors of 36217383.
3, 691, 17471
List the prime factors of 627378185.
5, 7, 17925091
What are the prime factors of 621359674?
2, 13, 23, 41, 25343
List the prim